{"id":325,"date":"2014-06-28T11:11:00","date_gmt":"2014-06-28T11:11:00","guid":{"rendered":"http:\/\/sv-webdev2.guehring.de\/wp_laender2\/?page_id=325"},"modified":"2018-01-19T11:35:49","modified_gmt":"2018-01-19T10:35:49","slug":"dienstleistungen","status":"publish","type":"page","link":"https:\/\/www.guehring.si\/?page_id=325","title":{"rendered":"Services"},"content":{"rendered":"<p>[et_pb_section bb_built=&#187;1&#8243; admin_label=&#187;section&#187; background_image=&#187;\/wp-content\/uploads\/2014\/03\/hg_dienstleistungen2.jpg&#187; background_color=&#187;#ffffff&#187; inner_shadow=&#187;off&#187; parallax=&#187;off&#187; transparent_background=&#187;off&#187; parallax_method=&#187;off&#187;][et_pb_row admin_label=&#187;row&#187; background_position=&#187;top_left&#187; background_repeat=&#187;repeat&#187; background_size=&#187;initial&#187;][et_pb_column type=&#187;4_4&#8243;][et_pb_text admin_label=&#187;Ihr Werkzeug kann mehr!&#187; background_layout=&#187;light&#187; text_orientation=&#187;left&#187; use_border_color=&#187;off&#187; border_color=&#187;#ffffff&#187; border_style=&#187;solid&#187; background_position=&#187;top_left&#187; background_repeat=&#187;repeat&#187; background_size=&#187;initial&#187;]<\/p>\n<div>\n<div>\n<h1>Va\u0161 orodje zmore ve\u010d!<\/h1>\n<\/div>\n<\/div>\n<p>[\/et_pb_text][\/et_pb_column][\/et_pb_row][et_pb_row admin_label=&#187;row&#187; background_position=&#187;top_left&#187; background_repeat=&#187;repeat&#187; background_size=&#187;initial&#187;][et_pb_column type=&#187;4_4&#8243;][et_pb_image admin_label=&#187;Bild_Dienstleistungen&#187; src=&#187;\/wp-content\/uploads\/2014\/03\/dienstleistungen.png&#187; url_new_window=&#187;off&#187; animation=&#187;right&#187; show_in_lightbox=&#187;off&#187; sticky=&#187;off&#187; align=&#187;left&#187; force_fullwidth=&#187;off&#187; always_center_on_mobile=&#187;on&#187; use_border_color=&#187;off&#187; border_color=&#187;#ffffff&#187; border_style=&#187;solid&#187; animation_style=&#187;slide&#187; animation_duration=&#187;500ms&#187; animation_intensity_slide=&#187;10%&#187; animation_direction=&#187;right&#187; show_bottom_space=&#187;on&#187;]<\/p>\n<p>&nbsp;<\/p>\n<p>[\/et_pb_image][\/et_pb_column][\/et_pb_row][et_pb_row admin_label=&#187;row&#187; background_position=&#187;top_left&#187; background_repeat=&#187;repeat&#187; background_size=&#187;initial&#187;][et_pb_column type=&#187;4_4&#8243;][et_pb_text admin_label=&#187;Service made to measure.&#187; background_layout=&#187;light&#187; text_orientation=&#187;left&#187; use_border_color=&#187;off&#187; border_color=&#187;#ffffff&#187; border_style=&#187;solid&#187; background_position=&#187;top_left&#187; background_repeat=&#187;repeat&#187; background_size=&#187;initial&#187;]<\/p>\n<h2>Storitev po meri. Powered by G\u00fchring<\/h2>\n<h3>Orodja, ki se uporabljajo tudi zahtevajo strokovno pomo\u010d. Zato G\u00fchring zagotavlja storitev Konfekcija po meri:<\/h3>\n<ul>\n<li>\n<h4>130 aplikacijskih tehnikov po vsem svetu svetuje kupcem na kraju samem, kako do popolne uporabe orodja.<\/h4>\n<\/li>\n<\/ul>\n<ul>\n<li>\n<h4>Obnova se izvaja po vsem svetu na enakih strojih in napravah, z enotnimi standardi na najvi\u0161ji ravni. Na\u0161i kupci imajo koristi zaradi minimalnih razdalj in \u010dasa za obnavljanje, ter optimalno originalno kakovost G\u00fchringa za ponovno bru\u0161enje in ponovno prevleko, kar zagotavlja maksimalno u\u010dinkovitost in \u017eivljenjsko dobo orodja.<\/h4>\n<\/li>\n<\/ul>\n<ul>\n<li>\n<h4>Na\u0161i TM izdajni system in G\u00fchringova TM programska oprema GTMS zagotavljata preglednost in urejenost pri shranjevanju orodja in v upravi.<\/h4>\n<\/li>\n<\/ul>\n<ul>\n<li>\n<h4>Orodna logistika na\u0161ih strank se fleksibilno in individualno razre\u0161i z modularno zasnovani TM koncepti.<\/h4>\n<\/li>\n<\/ul>\n<p>[\/et_pb_text][\/et_pb_column][\/et_pb_row][\/et_pb_section][et_pb_section bb_built=&#187;1&#8243; admin_label=&#187;section&#187; fullwidth=&#187;off&#187; background_image=&#187;\/wp-content\/uploads\/2014\/03\/hg_dienstleistungen03.jpg&#187; background_color=&#187;#ffffff&#187; inner_shadow=&#187;off&#187; parallax=&#187;on&#187; transparent_background=&#187;off&#187; parallax_method=&#187;off&#187;][et_pb_row admin_label=&#187;row&#187; background_position=&#187;top_left&#187; background_repeat=&#187;repeat&#187; background_size=&#187;initial&#187;][et_pb_column type=&#187;4_4&#8243;][et_pb_text admin_label=&#187;Tool refurbishment&#187; background_layout=&#187;light&#187; text_orientation=&#187;left&#187; use_border_color=&#187;off&#187; border_color=&#187;#ffffff&#187; border_style=&#187;solid&#187; background_position=&#187;top_left&#187; background_repeat=&#187;repeat&#187; background_size=&#187;initial&#187;]<\/p>\n<p><a name=\"toolrefurbishment\"><\/a><\/p>\n<p>&nbsp;<\/p>\n<h1>Izdajni sistemi<\/h1>\n<p>[\/et_pb_text][et_pb_divider color=&#187;#ffffff&#187; show_divider=&#187;off&#187; height=&#187;300&#8243; disabled_on=&#187;on|on|off&#187;]<\/p>\n<p>&nbsp;<\/p>\n<p>[\/et_pb_divider][et_pb_text admin_label=&#187;Re-grinding &#187; background_layout=&#187;light&#187; use_border_color=&#187;off&#187; background_position=&#187;top_left&#187; background_repeat=&#187;repeat&#187; background_size=&#187;initial&#187; _builder_version=&#187;3.0.97&#8243;]<\/p>\n<div>\n<div>\n<h1>Servis obnove orodja<\/h1>\n<p><a href=\"https:\/\/www.guehring.de\/guehring-wAssets\/docs\/demo\/EN\/services\/Guehring_Beschichtung_2017_en_low_internet.pdf\" target=\"_blank\" rel=\"noopener\"><img loading=\"lazy\" decoding=\"async\" class=\"alignnone wp-image-1468 size-full\" src=\"https:\/\/si.guehring.com\/wp-content\/uploads\/2014\/03\/pdf_8080.png\" alt=\"\" width=\"80\" height=\"80\" \/><\/a><\/p>\n<\/div>\n<\/div>\n<p>[\/et_pb_text][\/et_pb_column][\/et_pb_row][\/et_pb_section][et_pb_section bb_built=&#187;1&#8243; admin_label=&#187;section&#187; fullwidth=&#187;off&#187; background_image=&#187;\/wp-content\/uploads\/2014\/03\/hg_dienstleistungen04.jpg&#187; background_color=&#187;#ffffff&#187; inner_shadow=&#187;off&#187; parallax=&#187;on&#187; transparent_background=&#187;off&#187; parallax_method=&#187;off&#187;][et_pb_row admin_label=&#187;row&#187; background_position=&#187;top_left&#187; background_repeat=&#187;repeat&#187; background_size=&#187;initial&#187;][et_pb_column type=&#187;4_4&#8243;][et_pb_text admin_label=&#187;Tool management\/Dispensing Systems&#187; background_layout=&#187;light&#187; text_orientation=&#187;left&#187; use_border_color=&#187;off&#187; border_color=&#187;#ffffff&#187; border_style=&#187;solid&#187; background_position=&#187;top_left&#187; background_repeat=&#187;repeat&#187; background_size=&#187;initial&#187;]<\/p>\n<p><a name=\"ausgabesysteme\"><\/a><\/p>\n<p>&nbsp;<\/p>\n<h2>Orodno upravljanje<\/h2>\n<p>[\/et_pb_text][et_pb_text admin_label=&#187;ManageYourStock&#187; background_layout=&#187;light&#187; text_orientation=&#187;left&#187; use_border_color=&#187;off&#187; border_color=&#187;#ffffff&#187; border_style=&#187;solid&#187; background_position=&#187;top_left&#187; background_repeat=&#187;repeat&#187; background_size=&#187;initial&#187;]<\/p>\n<p><img loading=\"lazy\" decoding=\"async\" class=\"alignnone wp-image-3224 size-full\" src=\"http:\/\/wpsi.guehring.de\/wp-content\/uploads\/2014\/06\/ausgabesysteme_si.png\" alt=\"\" width=\"500\" height=\"228\" srcset=\"https:\/\/www.guehring.si\/wp-content\/uploads\/2014\/06\/ausgabesysteme_si.png 500w, https:\/\/www.guehring.si\/wp-content\/uploads\/2014\/06\/ausgabesysteme_si-300x137.png 300w\" sizes=\"(max-width: 500px) 100vw, 500px\" \/><\/p>\n<p>[\/et_pb_text][et_pb_divider color=&#187;#ffffff&#187; show_divider=&#187;off&#187; height=&#187;150&#8243; disabled_on=&#187;on|on|off&#187;]<\/p>\n<p>&nbsp;<\/p>\n<p>[\/et_pb_divider][et_pb_text admin_label=&#187;Tool dispensing systems&#187; background_layout=&#187;light&#187; use_border_color=&#187;off&#187; background_position=&#187;top_left&#187; background_repeat=&#187;repeat&#187; background_size=&#187;initial&#187; _builder_version=&#187;3.0.97&#8243;]<\/p>\n<div>\n<div>\n<h1>TM sistem<\/h1>\n<h2>za shranjevanje in nadzorovano izdajanje orodja<\/h2>\n<h2><a href=\"https:\/\/www.guehring.de\/en\/service\/tool-management.php\" target=\"_blank\" rel=\"noopener\"><img loading=\"lazy\" decoding=\"async\" class=\"alignnone wp-image-1740 size-full\" src=\"https:\/\/si.guehring.com\/wp-content\/uploads\/2014\/02\/pdf_grau_icon.png\" alt=\"\" width=\"80\" height=\"80\" \/><\/a> <a href=\"https:\/\/www.youtube.com\/watch?v=gXsenbKC7es\" target=\"_blank\" rel=\"noopener\"><img loading=\"lazy\" decoding=\"async\" class=\"alignnone wp-image-1322 size-full\" src=\"http:\/\/wpsi.guehring.de\/wp-content\/uploads\/2014\/03\/video_grau_icon.png\" alt=\"\" width=\"80\" height=\"80\" \/><\/a><\/h2>\n<h2><\/h2>\n<\/div>\n<\/div>\n<p>[\/et_pb_text][\/et_pb_column][\/et_pb_row][\/et_pb_section]<\/p>\n","protected":false},"excerpt":{"rendered":"<p>Va\u0161 orodje zmore ve\u010d! &nbsp; Storitev po meri. Powered by G\u00fchring Orodja, ki se uporabljajo tudi zahtevajo strokovno pomo\u010d. Zato G\u00fchring zagotavlja storitev Konfekcija po meri: 130 aplikacijskih tehnikov po vsem svetu svetuje kupcem na kraju samem, kako do popolne uporabe orodja. Obnova se izvaja po vsem svetu na enakih strojih in napravah, z enotnimi [&hellip;]<\/p>\n","protected":false},"author":1,"featured_media":0,"parent":0,"menu_order":0,"comment_status":"open","ping_status":"open","template":"","meta":{"_et_pb_use_builder":"on","_et_pb_old_content":"","_et_gb_content_width":"","footnotes":""},"class_list":["post-325","page","type-page","status-publish","hentry"],"_links":{"self":[{"href":"https:\/\/www.guehring.si\/index.php?rest_route=\/wp\/v2\/pages\/325","targetHints":{"allow":["GET"]}}],"collection":[{"href":"https:\/\/www.guehring.si\/index.php?rest_route=\/wp\/v2\/pages"}],"about":[{"href":"https:\/\/www.guehring.si\/index.php?rest_route=\/wp\/v2\/types\/page"}],"author":[{"embeddable":true,"href":"https:\/\/www.guehring.si\/index.php?rest_route=\/wp\/v2\/users\/1"}],"replies":[{"embeddable":true,"href":"https:\/\/www.guehring.si\/index.php?rest_route=%2Fwp%2Fv2%2Fcomments&post=325"}],"version-history":[{"count":37,"href":"https:\/\/www.guehring.si\/index.php?rest_route=\/wp\/v2\/pages\/325\/revisions"}],"predecessor-version":[{"id":3631,"href":"https:\/\/www.guehring.si\/index.php?rest_route=\/wp\/v2\/pages\/325\/revisions\/3631"}],"wp:attachment":[{"href":"https:\/\/www.guehring.si\/index.php?rest_route=%2Fwp%2Fv2%2Fmedia&parent=325"}],"curies":[{"name":"wp","href":"https:\/\/api.w.org\/{rel}","templated":true}]}}