{"id":222,"date":"2014-06-25T12:02:23","date_gmt":"2014-06-25T12:02:23","guid":{"rendered":"http:\/\/sv-webdev2.guehring.de\/wp_laender2\/?page_id=222"},"modified":"2022-04-26T12:28:20","modified_gmt":"2022-04-26T10:28:20","slug":"news","status":"publish","type":"page","link":"https:\/\/www.guehring.si\/?page_id=222","title":{"rendered":"News"},"content":{"rendered":"<p>[et_pb_section fb_built=&#187;1&#8243; admin_label=&#187;section&#187; _builder_version=&#187;3.22&#8243; background_color=&#187;#ffffff&#187; background_image=&#187;\/wp-content\/uploads\/2014\/03\/HG_action_powertap.png&#187; parallax=&#187;on&#187; parallax_method=&#187;off&#187; transparent_background=&#187;off&#187;][et_pb_row admin_label=&#187;row&#187; _builder_version=&#187;3.25&#8243; background_size=&#187;initial&#187; background_position=&#187;top_left&#187; background_repeat=&#187;repeat&#187; column_structure=&#187;1_3,2_3&#8243;][et_pb_column type=&#187;1_3&#8243; _builder_version=&#187;3.25&#8243; custom_padding=&#187;|||&#187; custom_padding__hover=&#187;|||&#187;][et_pb_text _builder_version=&#187;3.27.4&#8243; background_size=&#187;initial&#187; background_position=&#187;top_left&#187; background_repeat=&#187;repeat&#187; use_border_color=&#187;off&#187; border_color=&#187;#ffffff&#187; border_style=&#187;solid&#187;]<a name=\"actions\"><\/a><\/p>\n<h2 style=\"text-align: center;\"><img loading=\"lazy\" decoding=\"async\" class=\"alignnone wp-image-2628 size-medium\" src=\"http:\/\/wpsi.guehring.de\/wp-content\/uploads\/2014\/03\/action_powertap_logo-300x53.png\" alt=\"\" width=\"300\" height=\"53\" srcset=\"https:\/\/www.guehring.si\/wp-content\/uploads\/2014\/03\/action_powertap_logo-300x53.png 300w, https:\/\/www.guehring.si\/wp-content\/uploads\/2014\/03\/action_powertap_logo.png 768w\" sizes=\"(max-width: 300px) 100vw, 300px\" \/><\/h2>\n<h2 style=\"text-align: center;\">MADE BY<\/h2>\n<p style=\"text-align: center;\"><img loading=\"lazy\" decoding=\"async\" class=\"alignnone wp-image-2640 size-full\" src=\"http:\/\/wpsi.guehring.de\/wp-content\/uploads\/2014\/03\/logo.png\" alt=\"\" width=\"274\" height=\"60\" \/><\/p>\n<p>[\/et_pb_text][\/et_pb_column][et_pb_column type=&#187;2_3&#8243; _builder_version=&#187;3.25&#8243; custom_padding=&#187;|||&#187; custom_padding__hover=&#187;|||&#187;][et_pb_text _builder_version=&#187;3.27.4&#8243; background_size=&#187;initial&#187; background_position=&#187;top_left&#187; background_repeat=&#187;repeat&#187; use_border_color=&#187;off&#187; border_color=&#187;#ffffff&#187; border_style=&#187;solid&#187;]<a href=\"\/wp-content\/uploads\/2014\/03\/action_powertap_set.png\"><img loading=\"lazy\" decoding=\"async\" class=\"alignnone wp-image-2629 size-medium\" src=\"http:\/\/wpsi.guehring.de\/wp-content\/uploads\/2014\/03\/action_powertap_set-238x300.png\" alt=\"\" width=\"238\" height=\"300\" srcset=\"https:\/\/www.guehring.si\/wp-content\/uploads\/2014\/03\/action_powertap_set-238x300.png 238w, https:\/\/www.guehring.si\/wp-content\/uploads\/2014\/03\/action_powertap_set.png 283w\" sizes=\"(max-width: 238px) 100vw, 238px\" \/><\/a><br \/>\n[\/et_pb_text][\/et_pb_column][\/et_pb_row][et_pb_row admin_label=&#187;row&#187; _builder_version=&#187;3.25&#8243; background_size=&#187;initial&#187; background_position=&#187;top_left&#187; background_repeat=&#187;repeat&#187; column_structure=&#187;2_3,1_3&#8243;][et_pb_column type=&#187;2_3&#8243; _builder_version=&#187;3.25&#8243; custom_padding=&#187;|||&#187; custom_padding__hover=&#187;|||&#187;][et_pb_contact_form captcha=&#187;off&#187; email=&#187;cordula.braun@guehring.de&#187; title=&#187;Da, \u017eelim ve\u010d informacij o ponudbi navojnih svedrov Powertap:&#187; _builder_version=&#187;3.0.87&#8243; border_radii=&#187;on|0px|0px|0px|0px&#187; use_border_color=&#187;off&#187; border_color=&#187;#ffffff&#187; border_style=&#187;solid&#187; input_border_radius=&#187;0&#8243; button_letter_spacing_hover=&#187;0&#8243;][et_pb_contact_field field_id=&#187;Name&#187; field_title=&#187;Name&#187; _builder_version=&#187;3.16&#8243; button_text_size__hover_enabled=&#187;off&#187; button_one_text_size__hover_enabled=&#187;off&#187; button_two_text_size__hover_enabled=&#187;off&#187; button_text_color__hover_enabled=&#187;off&#187; button_one_text_color__hover_enabled=&#187;off&#187; button_two_text_color__hover_enabled=&#187;off&#187; button_border_width__hover_enabled=&#187;off&#187; button_one_border_width__hover_enabled=&#187;off&#187; button_two_border_width__hover_enabled=&#187;off&#187; button_border_color__hover_enabled=&#187;off&#187; button_one_border_color__hover_enabled=&#187;off&#187; button_two_border_color__hover_enabled=&#187;off&#187; button_border_radius__hover_enabled=&#187;off&#187; button_one_border_radius__hover_enabled=&#187;off&#187; button_two_border_radius__hover_enabled=&#187;off&#187; button_letter_spacing__hover_enabled=&#187;off&#187; button_one_letter_spacing__hover_enabled=&#187;off&#187; button_two_letter_spacing__hover_enabled=&#187;off&#187; button_bg_color__hover_enabled=&#187;off&#187; button_one_bg_color__hover_enabled=&#187;off&#187; button_two_bg_color__hover_enabled=&#187;off&#187;][\/et_pb_contact_field][et_pb_contact_field field_id=&#187;Email&#187; field_title=&#187;Email Address&#187; field_type=&#187;email&#187; _builder_version=&#187;3.16&#8243; button_text_size__hover_enabled=&#187;off&#187; button_one_text_size__hover_enabled=&#187;off&#187; button_two_text_size__hover_enabled=&#187;off&#187; button_text_color__hover_enabled=&#187;off&#187; button_one_text_color__hover_enabled=&#187;off&#187; button_two_text_color__hover_enabled=&#187;off&#187; button_border_width__hover_enabled=&#187;off&#187; button_one_border_width__hover_enabled=&#187;off&#187; button_two_border_width__hover_enabled=&#187;off&#187; button_border_color__hover_enabled=&#187;off&#187; button_one_border_color__hover_enabled=&#187;off&#187; button_two_border_color__hover_enabled=&#187;off&#187; button_border_radius__hover_enabled=&#187;off&#187; button_one_border_radius__hover_enabled=&#187;off&#187; button_two_border_radius__hover_enabled=&#187;off&#187; button_letter_spacing__hover_enabled=&#187;off&#187; button_one_letter_spacing__hover_enabled=&#187;off&#187; button_two_letter_spacing__hover_enabled=&#187;off&#187; button_bg_color__hover_enabled=&#187;off&#187; button_one_bg_color__hover_enabled=&#187;off&#187; button_two_bg_color__hover_enabled=&#187;off&#187;][\/et_pb_contact_field][et_pb_contact_field field_id=&#187;Message&#187; field_title=&#187;Message&#187; field_type=&#187;text&#187; fullwidth_field=&#187;on&#187; _builder_version=&#187;3.16&#8243; button_text_size__hover_enabled=&#187;off&#187; button_one_text_size__hover_enabled=&#187;off&#187; button_two_text_size__hover_enabled=&#187;off&#187; button_text_color__hover_enabled=&#187;off&#187; button_one_text_color__hover_enabled=&#187;off&#187; button_two_text_color__hover_enabled=&#187;off&#187; button_border_width__hover_enabled=&#187;off&#187; button_one_border_width__hover_enabled=&#187;off&#187; button_two_border_width__hover_enabled=&#187;off&#187; button_border_color__hover_enabled=&#187;off&#187; button_one_border_color__hover_enabled=&#187;off&#187; button_two_border_color__hover_enabled=&#187;off&#187; button_border_radius__hover_enabled=&#187;off&#187; button_one_border_radius__hover_enabled=&#187;off&#187; button_two_border_radius__hover_enabled=&#187;off&#187; button_letter_spacing__hover_enabled=&#187;off&#187; button_one_letter_spacing__hover_enabled=&#187;off&#187; button_two_letter_spacing__hover_enabled=&#187;off&#187; button_bg_color__hover_enabled=&#187;off&#187; button_one_bg_color__hover_enabled=&#187;off&#187; button_two_bg_color__hover_enabled=&#187;off&#187;][\/et_pb_contact_field][\/et_pb_contact_form][\/et_pb_column][et_pb_column type=&#187;1_3&#8243; _builder_version=&#187;3.25&#8243; custom_padding=&#187;|||&#187; custom_padding__hover=&#187;|||&#187;][et_pb_text _builder_version=&#187;3.27.4&#8243; background_size=&#187;initial&#187; background_position=&#187;top_left&#187; background_repeat=&#187;repeat&#187; use_border_color=&#187;off&#187; border_color=&#187;#ffffff&#187; border_style=&#187;solid&#187;]<\/p>\n<h2>Na\u0161i univerzalni navojni svedri.<\/h2>\n<h2>Vrhunska kvaliteta po super ceni.<\/h2>\n<p>[\/et_pb_text][et_pb_text _builder_version=&#187;3.27.4&#8243; background_size=&#187;initial&#187; background_position=&#187;top_left&#187; background_repeat=&#187;repeat&#187;]<img loading=\"lazy\" decoding=\"async\" class=\"alignnone wp-image-2630 size-full\" src=\"\/wp-content\/uploads\/2014\/03\/action_powertap_5teiligesSet.png\" alt=\"action_powertap_5teiligesSet\" width=\"304\" height=\"472\" srcset=\"https:\/\/www.guehring.si\/wp-content\/uploads\/2014\/03\/action_powertap_5teiligesSet.png 304w, https:\/\/www.guehring.si\/wp-content\/uploads\/2014\/03\/action_powertap_5teiligesSet-193x300.png 193w\" sizes=\"(max-width: 304px) 100vw, 304px\" \/><br \/>\n[\/et_pb_text][\/et_pb_column][\/et_pb_row][\/et_pb_section][et_pb_section fb_built=&#187;1&#8243; admin_label=&#187;section&#187; _builder_version=&#187;3.22&#8243; background_color=&#187;#ffffff&#187; background_image=&#187;\/wp-content\/uploads\/2014\/03\/pr_HT800_HG.jpg&#187; parallax=&#187;on&#187; parallax_method=&#187;off&#187; transparent_background=&#187;off&#187;][et_pb_row admin_label=&#187;row&#187; _builder_version=&#187;3.25&#8243; background_size=&#187;initial&#187; background_position=&#187;top_left&#187; background_repeat=&#187;repeat&#187; column_structure=&#187;1_3,2_3&#8243;][et_pb_column type=&#187;1_3&#8243; _builder_version=&#187;3.25&#8243; custom_padding=&#187;|||&#187; custom_padding__hover=&#187;|||&#187;][et_pb_text admin_label=&#187;Action&#187; _builder_version=&#187;3.27.4&#8243; background_size=&#187;initial&#187; background_position=&#187;top_left&#187; background_repeat=&#187;repeat&#187; use_border_color=&#187;off&#187; border_color=&#187;#ffffff&#187; border_style=&#187;solid&#187;]<a name=\"actions\"><\/a><br \/>\n[\/et_pb_text][\/et_pb_column][et_pb_column type=&#187;2_3&#8243; _builder_version=&#187;3.25&#8243; custom_padding=&#187;|||&#187; custom_padding__hover=&#187;|||&#187;][et_pb_text _builder_version=&#187;3.27.4&#8243; background_size=&#187;initial&#187; background_position=&#187;top_left&#187; background_repeat=&#187;repeat&#187; use_border_color=&#187;off&#187; border_color=&#187;#ffffff&#187; border_style=&#187;solid&#187;]<img loading=\"lazy\" decoding=\"async\" class=\"alignnone wp-image-3342 size-full\" src=\"http:\/\/wpsi.guehring.de\/wp-content\/uploads\/2014\/06\/hoechste_prozesssicherheit_si.png\" alt=\"\" width=\"500\" height=\"228\" srcset=\"https:\/\/www.guehring.si\/wp-content\/uploads\/2014\/06\/hoechste_prozesssicherheit_si.png 500w, https:\/\/www.guehring.si\/wp-content\/uploads\/2014\/06\/hoechste_prozesssicherheit_si-300x137.png 300w\" sizes=\"(max-width: 500px) 100vw, 500px\" \/><br \/>\n[\/et_pb_text][\/et_pb_column][\/et_pb_row][et_pb_row admin_label=&#187;row&#187; _builder_version=&#187;3.25&#8243; background_size=&#187;initial&#187; background_position=&#187;top_left&#187; background_repeat=&#187;repeat&#187; column_structure=&#187;3_4,1_4&#8243;][et_pb_column type=&#187;3_4&#8243; _builder_version=&#187;3.25&#8243; custom_padding=&#187;|||&#187; custom_padding__hover=&#187;|||&#187;][et_pb_text _builder_version=&#187;3.27.4&#8243; background_size=&#187;initial&#187; background_position=&#187;top_left&#187; background_repeat=&#187;repeat&#187; use_border_color=&#187;off&#187; border_color=&#187;#ffffff&#187; border_style=&#187;solid&#187;]<\/p>\n<h1><b>HT 800 WP <\/b><\/h1>\n<h2><\/h2>\n<h2>Sistem za vrtanje z izmenljivimi plo\u0161\u010dicami.<\/h2>\n<p>&nbsp;<\/p>\n<h3>Najvi\u0161ja varnost procesa. Premeri izvrtin od 11,0 do 40,0 mm Globine vrtanja 1,5xD, 3xD, 5xD, 7xD in 10xD. Izmenljive plo\u0161\u010dice za jekla, nerjavna jekla, sivo litino, aluminij Dr\u017eala\u00a0in izmenljive plo\u0161\u010dice namenjene posebej za pilotiranje\/posnemanje<\/h3>\n<p><a href=\"\/wp-content\/uploads\/2015\/03\/HT800_2015_chf_de.pdf\" target=\"_blank\" rel=\"noopener\"><img loading=\"lazy\" decoding=\"async\" class=\"alignnone wp-image-1740 size-full\" src=\"http:\/\/wpsi.guehring.de\/wp-content\/uploads\/2014\/02\/pdf_grau_icon.png\" alt=\"\" width=\"80\" height=\"80\" \/><\/a><br \/>\n[\/et_pb_text][\/et_pb_column][et_pb_column type=&#187;1_4&#8243; _builder_version=&#187;3.25&#8243; custom_padding=&#187;|||&#187; custom_padding__hover=&#187;|||&#187;][et_pb_text _builder_version=&#187;3.27.4&#8243; background_size=&#187;initial&#187; background_position=&#187;top_left&#187; background_repeat=&#187;repeat&#187;][\/et_pb_text][\/et_pb_column][\/et_pb_row][et_pb_row admin_label=&#187;row&#187; _builder_version=&#187;3.25&#8243; background_size=&#187;initial&#187; background_position=&#187;top_left&#187; background_repeat=&#187;repeat&#187;][et_pb_column type=&#187;4_4&#8243; _builder_version=&#187;3.25&#8243; custom_padding=&#187;|||&#187; custom_padding__hover=&#187;|||&#187;][et_pb_contact_form captcha=&#187;off&#187; email=&#187;cordula.braun@guehring.de&#187; title=&#187;Da, \u017eelim ve\u010d informacij o ponudbi navojnih svedrov HT800:&#187; admin_label=&#187;Contact Form HT800 WP&#187; _builder_version=&#187;3.0.87&#8243; border_radii=&#187;on|0px|0px|0px|0px&#187; use_border_color=&#187;off&#187; border_color=&#187;#ffffff&#187; border_style=&#187;solid&#187; input_border_radius=&#187;0&#8243; button_letter_spacing_hover=&#187;0&#8243;][et_pb_contact_field field_id=&#187;Name&#187; field_title=&#187;Name&#187; _builder_version=&#187;3.16&#8243; button_text_size__hover_enabled=&#187;off&#187; button_one_text_size__hover_enabled=&#187;off&#187; button_two_text_size__hover_enabled=&#187;off&#187; button_text_color__hover_enabled=&#187;off&#187; button_one_text_color__hover_enabled=&#187;off&#187; button_two_text_color__hover_enabled=&#187;off&#187; button_border_width__hover_enabled=&#187;off&#187; button_one_border_width__hover_enabled=&#187;off&#187; button_two_border_width__hover_enabled=&#187;off&#187; button_border_color__hover_enabled=&#187;off&#187; button_one_border_color__hover_enabled=&#187;off&#187; button_two_border_color__hover_enabled=&#187;off&#187; button_border_radius__hover_enabled=&#187;off&#187; button_one_border_radius__hover_enabled=&#187;off&#187; button_two_border_radius__hover_enabled=&#187;off&#187; button_letter_spacing__hover_enabled=&#187;off&#187; button_one_letter_spacing__hover_enabled=&#187;off&#187; button_two_letter_spacing__hover_enabled=&#187;off&#187; button_bg_color__hover_enabled=&#187;off&#187; button_one_bg_color__hover_enabled=&#187;off&#187; button_two_bg_color__hover_enabled=&#187;off&#187;][\/et_pb_contact_field][et_pb_contact_field field_id=&#187;Email&#187; field_title=&#187;Email Address&#187; field_type=&#187;email&#187; _builder_version=&#187;3.16&#8243; button_text_size__hover_enabled=&#187;off&#187; button_one_text_size__hover_enabled=&#187;off&#187; button_two_text_size__hover_enabled=&#187;off&#187; button_text_color__hover_enabled=&#187;off&#187; button_one_text_color__hover_enabled=&#187;off&#187; button_two_text_color__hover_enabled=&#187;off&#187; button_border_width__hover_enabled=&#187;off&#187; button_one_border_width__hover_enabled=&#187;off&#187; button_two_border_width__hover_enabled=&#187;off&#187; button_border_color__hover_enabled=&#187;off&#187; button_one_border_color__hover_enabled=&#187;off&#187; button_two_border_color__hover_enabled=&#187;off&#187; button_border_radius__hover_enabled=&#187;off&#187; button_one_border_radius__hover_enabled=&#187;off&#187; button_two_border_radius__hover_enabled=&#187;off&#187; button_letter_spacing__hover_enabled=&#187;off&#187; button_one_letter_spacing__hover_enabled=&#187;off&#187; button_two_letter_spacing__hover_enabled=&#187;off&#187; button_bg_color__hover_enabled=&#187;off&#187; button_one_bg_color__hover_enabled=&#187;off&#187; button_two_bg_color__hover_enabled=&#187;off&#187;][\/et_pb_contact_field][et_pb_contact_field field_id=&#187;Message&#187; field_title=&#187;Message&#187; field_type=&#187;text&#187; fullwidth_field=&#187;on&#187; _builder_version=&#187;3.16&#8243; button_text_size__hover_enabled=&#187;off&#187; button_one_text_size__hover_enabled=&#187;off&#187; button_two_text_size__hover_enabled=&#187;off&#187; button_text_color__hover_enabled=&#187;off&#187; button_one_text_color__hover_enabled=&#187;off&#187; button_two_text_color__hover_enabled=&#187;off&#187; button_border_width__hover_enabled=&#187;off&#187; button_one_border_width__hover_enabled=&#187;off&#187; button_two_border_width__hover_enabled=&#187;off&#187; button_border_color__hover_enabled=&#187;off&#187; button_one_border_color__hover_enabled=&#187;off&#187; button_two_border_color__hover_enabled=&#187;off&#187; button_border_radius__hover_enabled=&#187;off&#187; button_one_border_radius__hover_enabled=&#187;off&#187; button_two_border_radius__hover_enabled=&#187;off&#187; button_letter_spacing__hover_enabled=&#187;off&#187; button_one_letter_spacing__hover_enabled=&#187;off&#187; button_two_letter_spacing__hover_enabled=&#187;off&#187; button_bg_color__hover_enabled=&#187;off&#187; button_one_bg_color__hover_enabled=&#187;off&#187; button_two_bg_color__hover_enabled=&#187;off&#187;][\/et_pb_contact_field][\/et_pb_contact_form][\/et_pb_column][\/et_pb_row][\/et_pb_section][et_pb_section fb_built=&#187;1&#8243; admin_label=&#187;section&#187; _builder_version=&#187;3.22&#8243; background_color=&#187;#ffffff&#187; background_image=&#187;\/wp-content\/uploads\/2014\/03\/hintergrund.jpg&#187; transparent_background=&#187;off&#187;][et_pb_row admin_label=&#187;row&#187; _builder_version=&#187;3.25&#8243; background_size=&#187;initial&#187; background_position=&#187;top_left&#187; background_repeat=&#187;repeat&#187; disabled_on=&#187;on|on|on&#187; disabled=&#187;on&#187;][et_pb_column type=&#187;4_4&#8243; _builder_version=&#187;3.25&#8243; custom_padding=&#187;|||&#187; custom_padding__hover=&#187;|||&#187;][et_pb_text admin_label=&#187;Messedaten&#187; _builder_version=&#187;3.27.4&#8243; background_size=&#187;initial&#187; background_position=&#187;top_left&#187; background_repeat=&#187;repeat&#187; use_border_color=&#187;off&#187;]<a name=\"tradefair\"><\/a><\/p>\n<h1>Sejmi v letu&nbsp;2018 Germany<\/h1>\n<table width=\"689\">\n<tbody>\n<tr>\n<td width=\"174\"><strong>Datum<\/strong><\/td>\n<td width=\"234\"><strong>Merilni podatki<\/strong><\/td>\n<td width=\"142\"><strong><span id=\"result_box\" class=\"short_text\" lang=\"sl\"><span class=\"hps\">Dr\u017eava<\/span><\/span><\/strong><\/td>\n<td width=\"139\"><strong><span id=\"result_box\" class=\"short_text\" lang=\"sl\"><span class=\"hps\">Kraj<\/span><\/span><\/strong><\/td>\n<\/tr>\n<tr>\n<td width=\"174\">23. &#8211; 26.01.2018<\/td>\n<td width=\"234\">Nortec<\/td>\n<td width=\"142\">Hamburg<\/td>\n<td width=\"139\">Deutschland<\/td>\n<\/tr>\n<tr>\n<td>16. &#8211; 18.01.2018<\/td>\n<td>Euroguss<\/td>\n<td>N\u00fcrnberg<\/td>\n<td>Deutschland<\/td>\n<\/tr>\n<tr>\n<td>20. &#8211; 24.02.2018<\/td>\n<td>Metav<\/td>\n<td>D\u00fcsseldorf<\/td>\n<td>Deutschland<\/td>\n<\/tr>\n<tr>\n<td>14. &#8211; 17.03.2018<\/td>\n<td>GrindTec<\/td>\n<td>Augsburg<\/td>\n<td>Deutschland<\/td>\n<\/tr>\n<tr>\n<td>16. &#8211; 20.04.2018<\/td>\n<td>Tube<\/td>\n<td>D\u00fcsseldorf<\/td>\n<td>Deutschland<\/td>\n<\/tr>\n<tr>\n<td>18. &#8211; 22.09.2018<\/td>\n<td>AMB<\/td>\n<td>Stuttgart<\/td>\n<td>Deutschland<\/td>\n<\/tr>\n<\/tbody>\n<\/table>\n<p>all dates without engagement<\/p>\n<h1>Beursdata 2018 International<\/h1>\n<table width=\"689\">\n<tbody>\n<tr>\n<td width=\"174\"><strong>Datum<\/strong><\/td>\n<td width=\"234\"><strong>Merilni podatki<\/strong><\/td>\n<td width=\"142\"><strong><span id=\"result_box\" class=\"short_text\" lang=\"sl\"><span class=\"hps\">Dr\u017eava<\/span><\/span><\/strong><\/td>\n<td width=\"139\"><strong><span id=\"result_box\" class=\"short_text\" lang=\"sl\"><span class=\"hps\">Kraj<\/span><\/span><\/strong><\/td>\n<\/tr>\n<tr>\n<td width=\"174\">15. &#8211; 18.01.2018<\/td>\n<td width=\"234\">SteelFab<\/td>\n<td width=\"142\">Sharjah<\/td>\n<td width=\"139\">VEA<\/td>\n<\/tr>\n<tr>\n<td>07. &#8211; 08.02.2018<\/td>\n<td>MTMS<\/td>\n<td>Kortrijk<\/td>\n<td>Belgien<\/td>\n<\/tr>\n<tr>\n<td>20. &#8211; 23.03.2018<\/td>\n<td>TechniShow<\/td>\n<td>Utrecht<\/td>\n<td>Niederlande<\/td>\n<\/tr>\n<tr>\n<td>27. &#8211; 30.03.2018<\/td>\n<td>MachTech<\/td>\n<td>Sofia<\/td>\n<td>Bulgarien<\/td>\n<\/tr>\n<tr>\n<td>22. &#8211; 24.03.2018<\/td>\n<td>Mescpe<\/td>\n<td>Parma<\/td>\n<td>Italien<\/td>\n<\/tr>\n<tr>\n<td>03. &#8211; 07.04.2018<\/td>\n<td>Simtos<\/td>\n<td>Seoul<\/td>\n<td>Korea<\/td>\n<\/tr>\n<tr>\n<td>09. &#8211; 13.04.2018<\/td>\n<td>CCMT<\/td>\n<td>Shanghai<\/td>\n<td>China<\/td>\n<\/tr>\n<tr>\n<td>09. &#8211; 13.04.2018<\/td>\n<td>Mach<\/td>\n<td>Birmingham<\/td>\n<td>England<\/td>\n<\/tr>\n<tr>\n<td>17. &#8211; 20.04.2018<\/td>\n<td>Siams<\/td>\n<td>Moutier<\/td>\n<td>Schweiz<\/td>\n<\/tr>\n<tr>\n<td>03. &#8211; 06.04.2018<\/td>\n<td>Maschinenbau<\/td>\n<td>Minsk<\/td>\n<td>Ukraine<\/td>\n<\/tr>\n<tr>\n<td>15. &#8211; 18.05.2018<\/td>\n<td>Elmia Verktysmaskiner<\/td>\n<td>J\u00f6nk\u00f6ping<\/td>\n<td>Schweden<\/td>\n<\/tr>\n<tr>\n<td>14. &#8211; 16.05.2018<\/td>\n<td>MMTS<\/td>\n<td>Montreal<\/td>\n<td>Kanada<\/td>\n<\/tr>\n<tr>\n<td>15. &#8211; 19.05.2018<\/td>\n<td>FIMAQH<\/td>\n<td>Buenos Aires<\/td>\n<td>Argentinien<\/td>\n<\/tr>\n<tr>\n<td>14. &#8211; 18.05.2018<\/td>\n<td>Metalloobrabotka<\/td>\n<td>Moskau<\/td>\n<td>Russland<\/td>\n<\/tr>\n<tr>\n<td>06. &#8211; 08.06.2018<\/td>\n<td>Int. Metal &amp; Metallurgy<\/td>\n<td>Guangzhou<\/td>\n<td>China<\/td>\n<\/tr>\n<tr>\n<td>26. &#8211; 29.06.2018<\/td>\n<td>AMB Iran<\/td>\n<td>Teheran<\/td>\n<td>Iran<\/td>\n<\/tr>\n<tr>\n<td>10. &#8211; 15.09.2018<\/td>\n<td>IMTS Chicago<\/td>\n<td>Chicago<\/td>\n<td>USA<\/td>\n<\/tr>\n<tr>\n<td>01. &#8211; 05.10.2018<\/td>\n<td>MSV<\/td>\n<td>Br\u00fcnn<\/td>\n<td>Tschechien<\/td>\n<\/tr>\n<tr>\n<td>09. &#8211; 13.10.2018<\/td>\n<td>BIMU<\/td>\n<td>Mailand<\/td>\n<td>Italien<\/td>\n<\/tr>\n<tr>\n<td>02. &#8211; 07.10.2018<\/td>\n<td>Maktek<\/td>\n<td>Istanbul<\/td>\n<td>T\u00fcrkei<\/td>\n<\/tr>\n<tr>\n<td>01. &#8211; 06.11.2018<\/td>\n<td>JIMTOF<\/td>\n<td>Tokio<\/td>\n<td>Japan<\/td>\n<\/tr>\n<tr>\n<td>20. &#8211; 23.11.2018<\/td>\n<td>Prodex<\/td>\n<td>Basel<\/td>\n<td>Schweiz<\/td>\n<\/tr>\n<tr>\n<td>15. &#8211; 16.11.2018<\/td>\n<td>Metall<\/td>\n<td>Madrid<\/td>\n<td>Spanien<\/td>\n<\/tr>\n<tr>\n<td>Nov 2018<\/td>\n<td>Techindustry<\/td>\n<td>Riga<\/td>\n<td>Lettland<\/td>\n<\/tr>\n<tr>\n<td>21. &#8211; 24.11.2018<\/td>\n<td>Metalex<\/td>\n<td>Bangkok<\/td>\n<td>Thailand<\/td>\n<\/tr>\n<tr>\n<td>21. &#8211; 24.11.2018<\/td>\n<td>EMAF<\/td>\n<td>Porto<\/td>\n<td>Portugal<\/td>\n<\/tr>\n<\/tbody>\n<\/table>\n<p>all dates without engagement<br \/>\n[\/et_pb_text][\/et_pb_column][\/et_pb_row][et_pb_row _builder_version=&#187;4.4.9&#8243;][et_pb_column _builder_version=&#187;4.4.9&#8243; type=&#187;4_4&#8243;][et_pb_text _builder_version=&#187;4.4.9&#8243; hover_enabled=&#187;0&#8243;]<\/p>\n<div class=\"et_pb_column et_pb_column_4_4 et_pb_column_3  et_pb_css_mix_blend_mode_passthrough et-last-child\">\n<div class=\"et_pb_module et_pb_text et_pb_text_0  et_pb_text_align_left et_pb_bg_layout_light\">\n<div class=\"et_pb_text_inner\">\n<h1><a href=\"https:\/\/guehring.com\/en\/about-us\/trade-exhibition-dates\/\" target=\"_blank\" rel=\"noopener noreferrer\">Digital trade fairs &amp; trade fair dates<\/a><\/h1>\n<\/div>\n<\/div>\n<\/div>\n<p>[\/et_pb_text][\/et_pb_column][\/et_pb_row][\/et_pb_section]<\/p>\n","protected":false},"excerpt":{"rendered":"<p>MADE BY Na\u0161i univerzalni navojni svedri. Vrhunska kvaliteta po super ceni. HT 800 WP Sistem za vrtanje z izmenljivimi plo\u0161\u010dicami. &nbsp; Najvi\u0161ja varnost procesa. Premeri izvrtin od 11,0 do 40,0 mm Globine vrtanja 1,5xD, 3xD, 5xD, 7xD in 10xD. Izmenljive plo\u0161\u010dice za jekla, nerjavna jekla, sivo litino, aluminij Dr\u017eala\u00a0in izmenljive plo\u0161\u010dice namenjene posebej za pilotiranje\/posnemanje [&hellip;]<\/p>\n","protected":false},"author":1,"featured_media":0,"parent":0,"menu_order":0,"comment_status":"open","ping_status":"open","template":"","meta":{"_et_pb_use_builder":"on","_et_pb_old_content":"","_et_gb_content_width":"","footnotes":""},"class_list":["post-222","page","type-page","status-publish","hentry"],"_links":{"self":[{"href":"https:\/\/www.guehring.si\/index.php?rest_route=\/wp\/v2\/pages\/222","targetHints":{"allow":["GET"]}}],"collection":[{"href":"https:\/\/www.guehring.si\/index.php?rest_route=\/wp\/v2\/pages"}],"about":[{"href":"https:\/\/www.guehring.si\/index.php?rest_route=\/wp\/v2\/types\/page"}],"author":[{"embeddable":true,"href":"https:\/\/www.guehring.si\/index.php?rest_route=\/wp\/v2\/users\/1"}],"replies":[{"embeddable":true,"href":"https:\/\/www.guehring.si\/index.php?rest_route=%2Fwp%2Fv2%2Fcomments&post=222"}],"version-history":[{"count":88,"href":"https:\/\/www.guehring.si\/index.php?rest_route=\/wp\/v2\/pages\/222\/revisions"}],"predecessor-version":[{"id":4412,"href":"https:\/\/www.guehring.si\/index.php?rest_route=\/wp\/v2\/pages\/222\/revisions\/4412"}],"wp:attachment":[{"href":"https:\/\/www.guehring.si\/index.php?rest_route=%2Fwp%2Fv2%2Fmedia&parent=222"}],"curies":[{"name":"wp","href":"https:\/\/api.w.org\/{rel}","templated":true}]}}